{"id":107,"date":"2018-05-14T11:55:13","date_gmt":"2018-05-14T09:55:13","guid":{"rendered":"http:\/\/haarartistalex.de\/?page_id=107"},"modified":"2021-09-20T11:47:31","modified_gmt":"2021-09-20T09:47:31","slug":"datenschutzerklaerung","status":"publish","type":"page","link":"https:\/\/haarartistalex.de\/?page_id=107","title":{"rendered":"Datenschutzerkl\u00e4rung"},"content":{"rendered":"<h2><b>Allgemeine Hinweise<\/b><\/h2>\n<p><span style=\"font-weight: 400;\">Vielen Dank f\u00fcr Ihr Interesse an unserem Internetauftritt.<\/span><\/p>\n<p><span style=\"font-weight: 400;\">Wir nehmen den Schutz Ihrer Daten sehr ernst. Die nachfolgenden Informationen geben Ihnen gem\u00e4\u00df Artikel 13 und 14 der Datenschutzgrundverordnung einen einfachen \u00dcberblick dar\u00fcber, welche Daten erhoben werden, was mit Ihren personenbezogenen Daten passiert und welche Rechte Sie diesbez\u00fcglich haben.<\/span><\/p>\n<p><span style=\"font-weight: 400;\">Wir weisen vorsorglich darauf hin, dass die Daten\u00fcbertragung im Internet (z. B. bei der Kommunikation per E-Mail) Sicherheitsl\u00fccken aufweisen kann. Ein l\u00fcckenloser Schutz der Daten vor dem Zugriff durch Dritte ist nicht m\u00f6glich.<\/span><\/p>\n<h2><b>Was sind denn \u00fcberhaupt personenbezogene Daten?<\/b><\/h2>\n<p><span style=\"font-weight: 400;\">Personenbezogene Daten sind Daten, mit denen Sie pers\u00f6nlich identifiziert werden k\u00f6nnen. Dazu geh\u00f6ren u. a. Name, Anschrift, Telefonnummer, Kfz-Kennzeichen, Geburtsdatum oder IP-Adresse.<\/span><\/p>\n<h2><b>Name und Anschrift des Verantwortlichen<\/b><\/h2>\n<p><span style=\"font-weight: 400;\">Der Verantwortliche im Sinne der DSGVO ist:<\/span><\/p>\n<p><span style=\"font-weight: 400;\">Haarartist Alex<\/span><\/p>\n<p><span style=\"font-weight: 400;\">Alexandra Mader<\/span><\/p>\n<p><span style=\"font-weight: 400;\">Dreiburgenstr. 1<\/span><\/p>\n<p><span style=\"font-weight: 400;\">94104 Tittling<\/span><\/p>\n<p><span style=\"font-weight: 400;\">Telefon: 08504\/2834<\/span><\/p>\n<p><a href=\"http:\/\/info@haarartistalex.de\"><span style=\"font-weight: 400;\">info@haarartistalex.de<\/span><\/a><\/p>\n<h2><b>Datenerfassung auf unserer Website<\/b><\/h2>\n<p><span style=\"font-weight: 400;\">Grunds\u00e4tzlich k\u00f6nnen Sie unsere Webseite ohne Angabe Ihrer pers\u00f6nlichen Daten besuchen und sich informieren. Andere Daten, die Ihr Browser automatisch \u00fcbermittelt (sog. Server-Log-Files), werden beim Besuch der Website durch den Provider der Seite erhoben und automatisch gespeichert. Hierbei handelt es sich um folgende Daten:<\/span><\/p>\n<ul>\n<li style=\"font-weight: 400;\" aria-level=\"1\"><span style=\"font-weight: 400;\">IP-Adresse<\/span><\/li>\n<li style=\"font-weight: 400;\" aria-level=\"1\"><span style=\"font-weight: 400;\">Datum und Uhrzeit der Anfrage<\/span><\/li>\n<li style=\"font-weight: 400;\" aria-level=\"1\"><span style=\"font-weight: 400;\">Zeitzonendifferenz zur Greenwich Mean Time (GMT)<\/span><\/li>\n<li style=\"font-weight: 400;\" aria-level=\"1\"><span style=\"font-weight: 400;\">Inhalt der Anforderung (konkrete Seite)<\/span><\/li>\n<li style=\"font-weight: 400;\" aria-level=\"1\"><span style=\"font-weight: 400;\">Zugriffsstatus\/http-Statuscode<\/span><\/li>\n<li style=\"font-weight: 400;\" aria-level=\"1\"><span style=\"font-weight: 400;\">Jeweils \u00fcbertragene Datenmenge<\/span><\/li>\n<li style=\"font-weight: 400;\" aria-level=\"1\"><span style=\"font-weight: 400;\">Website, von der die Anforderung kommt<\/span><\/li>\n<li style=\"font-weight: 400;\" aria-level=\"1\"><span style=\"font-weight: 400;\">Browser<\/span><\/li>\n<li style=\"font-weight: 400;\" aria-level=\"1\"><span style=\"font-weight: 400;\">Betriebssystem und dessen Oberfl\u00e4che<\/span><\/li>\n<li style=\"font-weight: 400;\" aria-level=\"1\"><span style=\"font-weight: 400;\">Sprache und Version der Browsersoftware<\/span><\/li>\n<\/ul>\n<p><span style=\"font-weight: 400;\">Eine Zusammenf\u00fchrung dieser Daten mit anderen Datenquellen wird nicht vorgenommen.<\/span><\/p>\n<p><span style=\"font-weight: 400;\">Die Grundlage f\u00fcr diese Datenerfassung ist Art. 6, Abs. 1, lit. f, DSGVO. Wir haben als Webseitenbetreiber ein berechtigtes Interesse an der technisch fehlerfreien Darstellung und der Optimierung unserer Website.<\/span><\/p>\n<p><span style=\"font-weight: 400;\">Die Logfile-Informationen werden aus Sicherheitsgr\u00fcnden (z. B. zur Aufkl\u00e4rung von Missbrauchs- oder Betrugshandlungen) f\u00fcr die Dauer von maximal <\/span><span style=\"font-weight: 400;\">7<\/span> <span style=\"font-weight: 400;\">Tagen gespeichert und danach gel\u00f6scht. Daten, deren weitere Aufbewahrung zu Beweiszwecken erforderlich ist, sind bis zur endg\u00fcltigen Kl\u00e4rung des jeweiligen Vorfalls von der L\u00f6schung ausgenommen.<\/span><\/p>\n<p><span style=\"font-weight: 400;\">Den f\u00fcr diese Verarbeitung von der DSGVO geforderten Auftragsverarbeitungsvertrag haben wir mit dem Seitenprovider abgeschlossen.<\/span><\/p>\n<h2><b>Cookies<\/b><\/h2>\n<p><span style=\"font-weight: 400;\">Cookies dienen dazu, Webseiten nutzerfreundlicher, effektiver und sicherer zu machen. Es handelt sich dabei um kleine Textdateien, die auf Ihrem Rechner abgelegt werden und die Ihr Browser speichert.<\/span><span style=\"font-weight: 400;\"><br \/>\n<\/span><span style=\"font-weight: 400;\">Cookies richten auf Ihrem Rechner keinen Schaden an und enthalten keine Viren.<\/span><\/p>\n<p><span style=\"font-weight: 400;\">Wir verwenden ausschlie\u00dflich ein Sitzungs-Cookie (Name: PHPSESSID). Dieses dient ausschlie\u00dflich der Funktionalit\u00e4t der Seite und wird nach Ende Ihres Besuchs automatisch gel\u00f6scht.<\/span><span style=\"font-weight: 400;\"><br \/>\n<\/span><span style=\"font-weight: 400;\"><br \/>\n<\/span><span style=\"font-weight: 400;\">Grunds\u00e4tzlich k\u00f6nnen Sie Ihren Browser so einstellen, dass Sie<\/span><\/p>\n<ul>\n<li style=\"font-weight: 400;\" aria-level=\"1\"><span style=\"font-weight: 400;\">\u00fcber das Setzen von Cookies informiert werden und Cookies nur im Einzelfall erlauben,<\/span><\/li>\n<li style=\"font-weight: 400;\" aria-level=\"1\"><span style=\"font-weight: 400;\">die Annahme von Cookies f\u00fcr bestimmte F\u00e4lle oder generell ausschlie\u00dfen sowie<\/span><\/li>\n<li style=\"font-weight: 400;\" aria-level=\"1\"><span style=\"font-weight: 400;\">das automatische L\u00f6schen der Cookies beim Schlie\u00dfen des Browsers aktivieren.<\/span><\/li>\n<\/ul>\n<p><span style=\"font-weight: 400;\">Bei einer generellen Deaktivierung von Cookies kann die Funktionalit\u00e4t dieser Website eingeschr\u00e4nkt sein.<\/span><\/p>\n<h2><b>SSL- bzw. TLS-Verschl\u00fcsselung<\/b><\/h2>\n<p><span style=\"font-weight: 400;\">Diese Seite nutzt aus Sicherheitsgr\u00fcnden und zum Schutz der \u00dcbertragung vertraulicher Inhalte eine SSL- bzw. TLS-Verschl\u00fcsselung. Eine verschl\u00fcsselte Verbindung erkennen Sie daran, dass die Adresszeile des Browsers von \u201chttp:\/\/\u201d auf \u201chttps:\/\/\u201d wechselt und an dem Schloss-Symbol in Ihrer Browserzeile. Wenn die SSL- bzw. TLS-Verschl\u00fcsselung aktiviert ist, k\u00f6nnen die Daten, die Sie an uns \u00fcbermitteln, nicht von Dritten mitgelesen werden.<\/span><\/p>\n<h2><b>Kontaktformular<\/b><\/h2>\n<p><span style=\"font-weight: 400;\">Wenn Sie uns per Kontaktformular Anfragen zukommen lassen, werden Ihre Angaben aus dem Anfrageformular inklusive der von Ihnen dort angegebenen Kontaktdaten zwecks Bearbeitung der Anfrage und f\u00fcr den Fall von Anschlussfragen bei uns gespeichert. Diese Daten geben wir nicht ohne Ihre Einwilligung weiter.<\/span><\/p>\n<p><span style=\"font-weight: 400;\">Die Verarbeitung der in das Kontaktformular eingegebenen Daten erfolgt auf Grundlage unseres berechtigten Interesses (Art. 6, Abs. 1, lit. f, DSGVO) oder zur Erf\u00fcllung vorvertraglicher Ma\u00dfnahmen (Art. 6, Abs. 1, lit. b, DSGVO).<\/span><\/p>\n<p><span style=\"font-weight: 400;\">Die von Ihnen im Kontaktformular eingegebenen Daten verbleiben bei uns, bis Sie uns zur L\u00f6schung auffordern, Ihre Einwilligung zur Speicherung widerrufen oder der Zweck f\u00fcr die Datenspeicherung entf\u00e4llt (z. B. nach abgeschlossener Bearbeitung Ihrer Anfrage). Zwingende gesetzliche Bestimmungen \u2013 insbesondere gesetzliche Aufbewahrungsfristen \u2013 bleiben davon unber\u00fchrt.<\/span><\/p>\n<h2><b>Wozu wir Ihre Daten brauchen und was wir damit tun<\/b><\/h2>\n<p><span style=\"font-weight: 400;\">Grunds\u00e4tzlich k\u00f6nnen Sie selbstverst\u00e4ndlich unsere Leistungen auch g\u00e4nzlich ohne Angabe Ihrer pers\u00f6nlichen Daten in Anspruch nehmen.<\/span><\/p>\n<h2><b>Eintrag in unsere Kundenkartei<\/b><\/h2>\n<p><span style=\"font-weight: 400;\">Um Ihnen dar\u00fcber hinaus jedoch noch besseren Service und Dienstleistungen zu bieten, haben Sie die M\u00f6glichkeit, sich in unsere Kundenkartei einzutragen. Dazu ben\u00f6tigen wir einige Ihrer Daten, die wir speichern und bei Bedarf verwenden. Dabei werden wir Ihre Privatsph\u00e4re immer sch\u00fctzen.<\/span><\/p>\n<h2><b>Welche Daten werden erfasst?<\/b><\/h2>\n<p><span style=\"font-weight: 400;\">Wir erfassen Ihre Kontaktdaten wie Vorname, Name, Adresse, Telefonnummer, E-Mail-Adresse und Geburtsdatum. Au\u00dferdem speichern wir Ihren Haarzustand, Haarfarbe, erbrachte Dienstleistungen und von Ihnen gekaufte Produkte sowie Besuchstermine.<\/span><\/p>\n<p><span style=\"font-weight: 400;\">Falls erforderlich erfassen wir Informationen \u00fcber bestehende Unvertr\u00e4glichkeiten oder Allergien.<\/span><\/p>\n<p><span style=\"font-weight: 400;\">Mit Eintragung in unsere Kundenkartei erteilen Sie gem. Art. 6, Abs. 1, lit. a, DSGVO Ihre Einwilligung in die Verarbeitung Ihrer Daten. Sie k\u00f6nnen diese Einwilligung jederzeit f\u00fcr alle oder bestimmte Daten widerrufen. Wir werden Ihre Daten dann ganz oder teilweise aus der Kundenkartei l\u00f6schen oder die Verarbeitung einschr\u00e4nken (Art. 17 und 18, DSGVO), sofern der L\u00f6schung keine gesetzlichen Aufbewahrungspflichten entgegenstehen.<\/span><\/p>\n<h2><b>Zwecke der Verarbeitung<\/b><\/h2>\n<p><span style=\"font-weight: 400;\">Die Daten werden dazu genutzt, Ihnen einen optimalen Service zu bieten, Sie \u00fcber Neuerungen in unserem Gesch\u00e4ft oder zu Produkten zu informieren, Termine zu best\u00e4tigen oder Sie \u00fcber Terminverschiebungen bzw. -ausf\u00e4lle zu informieren.<\/span><\/p>\n<p><span style=\"font-weight: 400;\">Informationen zu Unvertr\u00e4glichkeiten bzw. Allergien helfen uns, f\u00fcr Sie die richtigen Dienstleistungen durchzuf\u00fchren und stellen sicher, dass wir nur Produkte verwenden, sie Sie vertragen.<\/span><\/p>\n<p><span style=\"font-weight: 400;\">Angaben zu Besuchsterminen dienen statistischen Zwecken und zur Betriebsoptimierung.<\/span><\/p>\n<p><span style=\"font-weight: 400;\">Wenn wir Ihr Geburtsdatum kennen, k\u00f6nnen wir Ihnen zu Ihrem Geburtstag eine besondere Aufmerksamkeit \u00fcberreichen\/\u00fcbermitteln.<\/span><\/p>\n<h2><b>Rechtsgrundlagen<\/b><\/h2>\n<p><span style=\"font-weight: 400;\">Die Verarbeitung Ihrer Daten erfolgt auf Grundlage der Datenschutzgrundverordnung (DSGVO) und der nationalen Regelungen des Bundesdatenschutzgesetzes. Folgende Rechtsgrundlagen der DSGVO sind f\u00fcr uns ma\u00dfgeblich:<\/span><\/p>\n<ul>\n<li aria-level=\"1\"><b>Art. 6, Abs. 1, lit. a<\/b><\/li>\n<\/ul>\n<p><span style=\"font-weight: 400;\">Die betroffene Person hat ihre Einwilligung zu der Verarbeitung der sie betreffenden personenbezogenen Daten f\u00fcr einen oder mehrere bestimmte Zwecke gegeben<\/span><\/p>\n<ul>\n<li aria-level=\"1\"><b>Art. 6, Abs. 1, lit. b<\/b><\/li>\n<\/ul>\n<p><span style=\"font-weight: 400;\">Zur Erf\u00fcllung eines Vertrages oder zur Durchf\u00fchrung vorvertraglicher Ma\u00dfnahmen.<\/span><\/p>\n<ul>\n<li aria-level=\"1\"><b>Art. 6, Abs. 1, lit. c<\/b><\/li>\n<\/ul>\n<p><span style=\"font-weight: 400;\">Zur Erf\u00fcllung einer rechtlichen Verpflichtung.<\/span><\/p>\n<ul>\n<li aria-level=\"1\"><b>Art. 6, Abs. 1, lit. f<\/b><\/li>\n<\/ul>\n<p><span style=\"font-weight: 400;\">Zur Wahrung unserer berechtigten Interessen. Wir haben ein berechtigtes Interesse daran, unsere Waren und Dienstleistungen anzubieten und Ihnen den bestm\u00f6glichen Service zu bieten.<\/span><\/p>\n<h2><b>Datenweitergabe an Dritte oder Auftragsverarbeiter<\/b><\/h2>\n<p><span style=\"font-weight: 400;\">Sofern wir im Rahmen unserer Verarbeitung Daten an andere Personen oder Unternehmen weitergeben, erfolgt dies nur auf Basis einer rechtlichen Verpflichtung (z. B. zur Vertragserf\u00fcllung), mit Ihrer Zustimmung oder auf Grundlage berechtigter Interessen (z. B. Einsatz von Lieferanten, Subunternehmern, Steuerberater, Fachberatern etc.).<\/span><\/p>\n<h2><b>Umgang mit Bewerberdaten<\/b><\/h2>\n<p><span style=\"font-weight: 400;\">Wenn Sie sich f\u00fcr eine offene Stelle oder initiativ bei uns bewerben, \u00fcbermitteln Sie freiwillig personenbezogene Daten und Informationen. Daten, die Sie uns im Rahmen Ihrer Bewerbung zukommen lassen, werden zweckgebunden ausschlie\u00dflich zur Durchf\u00fchrung des Bewerbungsprozesses verwendet. Solche Daten umfassen in der Regel:<\/span><\/p>\n<ul>\n<li style=\"font-weight: 400;\" aria-level=\"1\"><span style=\"font-weight: 400;\">Stammdaten (Name, Vorname, Geburtsdatum)<\/span><\/li>\n<li style=\"font-weight: 400;\" aria-level=\"1\"><span style=\"font-weight: 400;\">Kontaktdaten (Adresse, Telefonnummer, E-Mail-Adresse, etc.)<\/span><\/li>\n<li style=\"font-weight: 400;\" aria-level=\"1\"><span style=\"font-weight: 400;\">Bewerbungsunterlagen (Bewerbungsschreiben, Lebenslauf, Zeugnisse, Zertifikate u. \u00e4.)<\/span><\/li>\n<\/ul>\n<p><span style=\"font-weight: 400;\">Rechtsgrundlagen f\u00fcr die Datenerhebung und -verarbeitung sind Art. 6, Abs. 1, lit. b, DSGVO; Art. 9, Abs. 2, lit. b und h, DSGVO; Art. 88, Abs. 1, DSGVO oder Ihre vorherige Einwilligung (Art. 6, Abs. 1, lit. a, DSGVO i. V. m. \u00a7 26 Abs. 2, BDSG).<\/span><\/p>\n<p><span style=\"font-weight: 400;\">Die Dauer der Verarbeitung und Speicherung unterscheidet sich je nach Fortgang Ihrer Bewerbung:<\/span><\/p>\n<ul>\n<li style=\"font-weight: 400;\" aria-level=\"1\"><span style=\"font-weight: 400;\">Bei angenommenen Bewerbungen verarbeiten wir Ihre Bewerbungsdaten f\u00fcr die weitere Begr\u00fcndung und anschlie\u00dfende Durchf\u00fchrung des Besch\u00e4ftigungsverh\u00e4ltnisses weiter.<\/span><\/li>\n<li style=\"font-weight: 400;\" aria-level=\"1\"><span style=\"font-weight: 400;\">Bei abgelehnten Bewerbungen oder bei R\u00fccknahme Ihrer Bewerbung erfolgt eine L\u00f6schung, Vernichtung oder R\u00fcckgabe Ihrer Bewerbungsdaten sp\u00e4testens 6 Monate nach Abschluss des Bewerbungsverfahrens.\u00a0<\/span><\/li>\n<\/ul>\n<p><span style=\"font-weight: 400;\">Wenn Sie uns w\u00e4hrend des laufenden Bewerbungsverfahrens zur L\u00f6schung Ihrer Bewerbungsdaten auffordern, wird dies als R\u00fccknahme der Bewerbung gewertet.<\/span><\/p>\n<p><span style=\"font-weight: 400;\">In Einzelf\u00e4llen k\u00f6nnen wir Ihre Bewerbungsdaten l\u00e4nger speichern, wenn eine weitere Speicherung zum Zwecke der Beweisf\u00fchrung erforderlich ist oder Sie einer l\u00e4ngeren Speicherung ausdr\u00fccklich zugestimmt haben (z. B. zur Aufnahme in einen Bewerberpool).<\/span><\/p>\n<h2><b>Welche Rechte haben Sie bez\u00fcglich Ihrer Daten?<\/b><\/h2>\n<p><span style=\"font-weight: 400;\">Sie haben das Recht, unentgeltlich <\/span><b>Auskunft<\/b><span style=\"font-weight: 400;\"> \u00fcber Herkunft, Empf\u00e4nger und Zweck Ihrer gespeicherten personenbezogenen Daten zu erhalten.<\/span><\/p>\n<p><span style=\"font-weight: 400;\">Sie haben zudem das Recht, die <\/span><b>Berichtigung<\/b><span style=\"font-weight: 400;\">, <\/span><b>Sperrung<\/b><span style=\"font-weight: 400;\"> oder <\/span><b>L\u00f6schung<\/b><span style=\"font-weight: 400;\"> Ihrer Daten sowie \u2013 unter bestimmten Umst\u00e4nden \u2013 die <\/span><b>Einschr\u00e4nkung der Verarbeitung<\/b><span style=\"font-weight: 400;\"> Ihrer personenbezogenen Daten zu verlangen. Dies ist beispielsweise der Fall, wenn Sie die Richtigkeit Ihrer gespeicherten Daten bestreiten. Um dies zu pr\u00fcfen, ben\u00f6tigen wir in der Regel Zeit. F\u00fcr die Dauer der Pr\u00fcfung haben Sie das Recht, die Einschr\u00e4nkung der Verarbeitung Ihrer personenbezogenen Daten zu verlangen.<\/span><\/p>\n<p><span style=\"font-weight: 400;\">Dar\u00fcber hinaus haben Sie das Recht, Daten, die wir auf Grundlage Ihrer Einwilligung oder in Erf\u00fcllung eines Vertrags automatisiert verarbeiten, an sich oder an einen Dritten in einem g\u00e4ngigen, maschinenlesbaren Format aush\u00e4ndigen zu lassen. Sofern Sie die direkte \u00dcbertragung der Daten an einen anderen Verantwortlichen verlangen, erfolgt dies nur, soweit es technisch machbar ist (Recht auf <\/span><b>Daten\u00fcbertragbarkeit<\/b><span style=\"font-weight: 400;\">).<\/span><\/p>\n<h2><b>Widerruf Ihrer Einwilligung zur Datenverarbeitung<\/b><\/h2>\n<p><span style=\"font-weight: 400;\">Viele Datenverarbeitungsvorg\u00e4nge sind nur mit Ihrer ausdr\u00fccklichen Einwilligung m\u00f6glich. Sie k\u00f6nnen eine bereits erteilte Einwilligung jederzeit widerrufen. Dazu gen\u00fcgt eine formlose Mitteilung per E-Mail an uns. Die Rechtm\u00e4\u00dfigkeit der bis zum Widerruf erfolgten Datenverarbeitung bleibt vom Widerruf unber\u00fchrt.<\/span><\/p>\n<h2><b>Widerspruchsrecht gegen die Datenerhebung in besonderen F\u00e4llen sowie gegen Direktwerbung (Art. 21 DSGVO)<\/b><\/h2>\n<p><span style=\"font-weight: 400;\">SOFERN DIE DATENVERARBEITUNG AUF GRUNDLAGE VON ART. 6, ABS. 1, LIT. F, DSGVO ERFOLGT, HABEN SIE JEDERZEIT DAS RECHT, AUS GR\u00dcNDEN, DIE SICH AUS IHRER <\/span><b>BESONDEREN SITUATION<\/b><span style=\"font-weight: 400;\"> ERGEBEN, GEGEN DIE VERARBEITUNG IHRER PERSONENBEZOGENEN DATEN WIDERSPRUCH EINZULEGEN. DIES GILT AUCH F\u00dcR EIN AUF DIESE BESTIMMUNGEN GEST\u00dcTZTES PROFILING. ALS <\/span><b>BESONDERE SITUATION<\/b><span style=\"font-weight: 400;\"> KOMMEN UMST\u00c4NDE WIE Z. B. KRANKHEIT, SONSTIGE SCHICKSALSSCHL\u00c4GE, BESONDERS HOHES GEHEIMHALTUNGS- UND\/ODER SCHUTZINTERESSE VON PERSONEN MIT HOHER SCHUTZEINSTUFUNG IN BETRACHT.<\/span><\/p>\n<p><span style=\"font-weight: 400;\">WENN SIE WIDERSPRUCH EINLEGEN, WERDEN WIR IHRE BETROFFENEN PERSONENBEZOGENEN DATEN NICHT MEHR VERARBEITEN. ES SEI DENN, WIR K\u00d6NNEN ZWINGENDE SCHUTZW\u00dcRDIGE GR\u00dcNDE F\u00dcR DIE VERARBEITUNG NACHWEISEN, DIE IHRE INTERESSEN, RECHTE UND FREIHEITEN \u00dcBERWIEGEN ODER DIE VERARBEITUNG DIENT DER GELTENDMACHUNG, AUS\u00dcBUNG ODER VERTEIDIGUNG VON RECHTSANSPR\u00dcCHEN.<\/span><\/p>\n<p><span style=\"font-weight: 400;\">INSBESONDERE IST EIN WIDERSPRUCH GEGEN DIE DATENVERARBEITUNG ZUM ZWECKE DER <\/span><b>DIREKTWERBUNG<\/b><span style=\"font-weight: 400;\"> STATTHAFT. WENN SIE WIDERSPRECHEN, WERDEN IHRE PERSONENBEZOGENEN DATEN ANSCHLIESSEND NICHT MEHR ZUM ZWECKE DER DIREKTWERBUNG VERWENDET.<\/span><\/p>\n<h2><b>Bestehen einer automatisierten Entscheidungsfindung<\/b><\/h2>\n<p><span style=\"font-weight: 400;\">Als verantwortungsbewusstes Unternehmen verzichten wir auf eine automatische Entscheidungsfindung oder ein Profiling.<\/span><\/p>\n<h2><b>Beschwerderecht bei der zust\u00e4ndigen Aufsichtsbeh\u00f6rde<\/b><\/h2>\n<p><span style=\"font-weight: 400;\">Im Falle von Verst\u00f6\u00dfen gegen die DSGVO steht Ihnen ein Beschwerderecht bei einer Aufsichtsbeh\u00f6rde zu. Das Beschwerderecht besteht unbeschadet anderweitiger verwaltungsrechtlicher oder gerichtlicher Rechtsbehelfe. Eine Liste der Datenschutzbeauftragten sowie deren Kontaktdaten k\u00f6nnen folgendem Link entnommen werden: <\/span><a href=\"https:\/\/www.bfdi.bund.de\/DE\/Infothek\/Anschriften_Links\/anschriften_links-node.html\"><span style=\"font-weight: 400;\">https:\/\/www.bfdi.bund.de\/DE\/Infothek\/Anschriften_Links\/anschriften_links-node.html<\/span><\/a><\/p>\n<h2><b>Wir sind f\u00fcr Sie da<\/b><\/h2>\n<p><span style=\"font-weight: 400;\">Sie haben Fragen zu Ihren Betroffenenrechten oder sonstigen Themen rund um den Datenschutz? Wir stehen Ihnen unter <\/span><a href=\"mailto:info@haarartistalex.de\"><span style=\"font-weight: 400;\">info@haarartistalex.de<\/span><\/a><span style=\"font-weight: 400;\"> gerne zur Verf\u00fcgung.<\/span><\/p>\n<p><em>Stand: 20.09.2021<\/em><\/p>\n","protected":false},"excerpt":{"rendered":"<p>Allgemeine Hinweise Vielen Dank f\u00fcr Ihr Interesse an unserem Internetauftritt. Wir nehmen den Schutz Ihrer Daten sehr ernst. Die nachfolgenden Informationen geben Ihnen gem\u00e4\u00df Artikel 13 und 14 der Datenschutzgrundverordnung einen einfachen \u00dcberblick dar\u00fcber, welche Daten erhoben werden, was mit Ihren personenbezogenen Daten passiert und welche Rechte Sie diesbez\u00fcglich haben. Wir weisen vorsorglich darauf hin, &hellip; <\/p>\n<p class=\"link-more\"><a href=\"https:\/\/haarartistalex.de\/?page_id=107\" class=\"more-link\"><span class=\"screen-reader-text\">\u201eDatenschutzerkl\u00e4rung\u201c <\/span>weiterlesen<\/a><\/p>\n","protected":false},"author":1,"featured_media":0,"parent":0,"menu_order":0,"comment_status":"closed","ping_status":"closed","template":"","meta":{"footnotes":""},"class_list":["post-107","page","type-page","status-publish","hentry"],"_links":{"self":[{"href":"https:\/\/haarartistalex.de\/index.php?rest_route=\/wp\/v2\/pages\/107","targetHints":{"allow":["GET"]}}],"collection":[{"href":"https:\/\/haarartistalex.de\/index.php?rest_route=\/wp\/v2\/pages"}],"about":[{"href":"https:\/\/haarartistalex.de\/index.php?rest_route=\/wp\/v2\/types\/page"}],"author":[{"embeddable":true,"href":"https:\/\/haarartistalex.de\/index.php?rest_route=\/wp\/v2\/users\/1"}],"replies":[{"embeddable":true,"href":"https:\/\/haarartistalex.de\/index.php?rest_route=%2Fwp%2Fv2%2Fcomments&post=107"}],"version-history":[{"count":5,"href":"https:\/\/haarartistalex.de\/index.php?rest_route=\/wp\/v2\/pages\/107\/revisions"}],"predecessor-version":[{"id":18579,"href":"https:\/\/haarartistalex.de\/index.php?rest_route=\/wp\/v2\/pages\/107\/revisions\/18579"}],"wp:attachment":[{"href":"https:\/\/haarartistalex.de\/index.php?rest_route=%2Fwp%2Fv2%2Fmedia&parent=107"}],"curies":[{"name":"wp","href":"https:\/\/api.w.org\/{rel}","templated":true}]}}